 - 4)?
3
Calculate -9 + -6 - (9 + -19).
-5
Evaluate (9 - 2 - -1) + (2 - 5).
5
What is 1 + -5 + 8 + -10?
-6
Calculate 5 + (2 + -3 - (-2 - -2)).
4
Evaluate -3 - 6 - -7 - 3.
-5
Evaluate (-5 - (-4 - -2)) + (1 - -1).
-1
What is (1 + 8 - 1) + 19 + -22?
5
What is the value of (-13 - -5) + 1 + (4 - 2)?
-5
What is the value of -2 - (6 + -8 + -1 - 5)?
6
Evaluate 38 - 34 - (0 - -3).
1
Calculate 2 - ((-1 - -5) + (5 - 4)).
-3
What is (-6 - (-2 - 2)) + 2?
0
Calculate 4 + (-12 - -6) + 1.
-1
Calculate (5 + 2 - 7) + 3.
3
What is the value of -8 + 9 + 4 + -4?
1
What is (2 - 1 - -1) + 0?
2
Calculate (-10 - 1) + 10 + 2 + -7.
-6
What is the value of 4 + -5 + (2 - 4)?
-3
Calculate -5 - (-11 + 4 - -11).
-9
What is 2 - -4 - ((1 - -1) + 5)?
-1
Calculate -8 - -1 - (-74 + 72).
-5
What is -2 + -2 + 13 + -10?
-1
Calculate (-148 - -152) + (0 - 14).
-10
Evaluate 15 + -8 - (-5 + 7 + 15).
-10
What is 4 - (6 + -3 + -7) - 4?
4
What is the value of (10 - 1) + 54 + -62?
1
Calculate 2 + 0 + -1 + 3.
4
Calculate 5 + 2 - (3 + 3).
1
2 + -7 - 3 - (-4 + 1)
-5
Calculate -2 - -3 - (3 + -3).
1
What is the value of (-18 - 1) + 8 - -4?
-7
Calculate 1 + (0 + 1 - 1 - 1).
0
Calculate -1 + 3 + -2 + -3 + 0.
-3
What is the value of -1 - (7 - 2) - (-44 - -33)?
5
What is (4 - (9 + -9)) + -6?
-2
Evaluate 9 + -23 - -9 - -5.
0
What is the value of 1 - (-5 - ((1 - -4) + -14))?
-3
Evaluate 1 + -5 + 2 + 5.
3
Evaluate 1 + 1 + (6 - (14 - 4)).
-2
11 + (-17 - (1 + -10))
3
Evaluate 16 + 2 + -10 + -7 - 7.
-6
Calculate -21 - -19 - ((-2 - -1) + 0).
-1
-11 + (-9 - -16) - (-12 + 2)
6
What is (0 - 4 - (-4 - -5)) + 11?
6
-1 + 8 + -3 - (-10 + 14)
0
What is -15 - (-7 - (7 + -8 + 2))?
-7
What is -2 - (2 + 2 + -4)?
-2
What is the value of 2 + 3 + -1 + 3 - 4?
3
What is -32 - -36 - (9 + -1)?
-4
Evaluate -4 - (14 - 13) - (1 - 10).
4
Evaluate -9 - (-13 - 1) - (0 - -1).
4
What is the value of -7 - (-4 + 6 + -9)?
0
Evaluate -4 + -1 + -2 + 4 + 2.
-1
What is the value of 5 + -8 - (-7 + 1)?
3
Calculate -8 + (0 - -3 - -7).
2
What is (-8 - -3) + 12 - 8?
-1
Calculate -1 - -8 - (7 + 5).
-5
What is (34 - 26) + 2 + -8?
2
What is the value of (14 - 8) + (-7 - -3)?
2
(3 - (-3 - 3)) + (7 - 11)
5
What is the value of -274 - -275 - (-3 + 0 - -1)?
3
What is the value of (-14 - -4 - -2) + 9?
1
(3 - 2) + -5 + 8 + -6
-2
Calculate -2 - (-8 + 6 + 5).
-5
Calculate -4 - (0 + -1 + -3).
0
What is the value of -9 + (1 + -3 - (-6 - 0))?
-5
What is the value of -12 - (-1 - (-10 + 18))?
-3
Evaluate 0 + -8 - (-59 - -45).
6
Calculate -3 + (8 - 3) + 0 + 3.
5
What is the value of (2 + -3 - -1) + -5?
-5
What is the value of (1 + 0 - 1) + (66 - 66)?
0
Evaluate 4 + -6 - (2 + -5).
1
Evaluate 4 + 4 + -4 - 3 - 2.
-1
Calculate -2 + (1 - 2) + -1.
-4
What is the value of (0 - 2) + (3 - 1) - 3?
-3
Calculate -1 + (14 - (14 + -3)).
2
Evaluate 1 + -2 - (-4 - -7).
-4
Evaluate (0 + 0 - -3) + 53 + -51.
5
9 - (5 - (-2 - -3))
5
What is -7 + (-4 - -8) + (4 - 0)?
1
What is 3 - (7 - 1 - (18 + -20))?
-5
Calculate -1 + -5 + 90 + -82 + 1.
3
2 - ((5 - -3) + -5)
-1
(2 - 1) + 15 + -23
-7
What is (453 - 452) + (1 - 1) + 4?
5
(-5 - -4) + (-1 - -4)
2
What is the value of -7 + -11 + 5 + 8?
-5
Evaluate -12 + -7 + 10 + -1.
-10
Calculate 3 + (-5 - (1 - 5 - -1)).
1
What is (0 + -1 + 0 - 4) + 4?
-1
Calculate -4 - (-2 + (-1 - -2) - -2).
-5
What is the value of 7 + -44 + 26 + -1 + 3?
-9
What is 3 + -2 + (1 - 3)?
-1
Calculate (9 + -13 - -3 - -6) + -15.
-10
Calculate (0 + 5 + 5 - -1) + -5.
6
What is 2 - ((8 - 8) + 7)?
-5
Evaluate 3 + (12 + -11 - 3).
1
0 + 1 + (-10 - -12)
3
What is -6 - (-12 + -3 + 4)?
5
4 + -1 + 4 + (-2 - 1)
4
What is (3 - (-12 - -6)) + -1?
8
Evaluate -8 + (7 - 5) + 3.
-3
Calculate (6 - 0) + -2 + (-66 - -64).
2
3 + (-1 - 8) + (0 - -2)
-4
Evaluate 3 + 4 + (6 - 11).
2
Calculate -4 - -9 - (12 - 2).
-5
What is the value of 6 + -3 - (6 + -1)?
-2
Evaluate -5 + 6 + (3 - 1 - 9).
-6
What is the value of 2 - (5 + -1 + (-2 - 1))?
1
(7 - 2) + (22 - 23)
4
Calculate (26 - 27) + (4 - 1) + 0.
2
What is the value of 8 + -12 - (-4 - -1)?
-1
Calculate -1 + 2 + 0 - (2 - 4).
3
Evaluate 0 - (0 + -3 + (0 - -1)).
2
Calculate 1 + (0 + 3 - 9) - -2.
-3
What is -9 - -3 - (-2 - (7 - 3))?
0
What is the value of 1 + -4 + (8 + -1 - 6)?
-2
2 - (3 - 4) - (0 + 2)
1
Calculate -1 - 2 - -2 - -5.
4
What is -2 + (3 - 10) + -1 + 5?
-5
What is -2 - (0 - (5 + 0) - -2)?
1
-10 + 16 + 0 - (-1 + 7)
0
Calculate 2 + (1 - (-1 + 4)).
0
What is the value of 2 + -10 + -8 + 12?
-4
(7 + -9 - (-6 - -2)) + -2
0
4 + (0 - -7) + -9
2
Evaluate -2 - -3 - 2 - (-12 + 7).
4
What is (7 - 13 - 2) + 10?
2
-3 + -1 + (9 - 12)
-7
Calculate (-7 - 0) + (3 - -1) + 12.
9
What is 4 + -2 + 3 - 5?
0
What is -8 + 0 + 9 + 9 + -2?
8
-19 + 9 - (-5 + -14)
9
Calculate 4 + 2 - (9 - 4).
1
-8 - (-4 + 0) - (-1 + -8)
5
Evaluate -4 + 0 + -3 + 3.
-4
Evaluate 3 + -5 - (-2 + 0 + 1).
-1
-138 + 141 - (5 + 1 + 1)
-4
Calculate 14 + -3 - 4 - 5.
2
Evaluate 106 - 118 - (-10 - 0).
-2
4 - (2 - -1 - (-19 + 21))
3
Calculate -1 + 3 + (4 - (0 + 3)).
3
(0 - 0) + -4 + (7 - 5)
-2
What is -5 + -8 + 19 - (-1 - -5)?
2
Calculate -9 + 16 + -13 - (2 - 1).
-7
Calculate (1 - 6) + 2 + 2.
-1
What is the value of -9 + (8 - 8) + 9?
0
What is -6 + 0 - (-1 + 1)?
-6
3 + -1 + -8 + 0 + 4
-2
Calculate 1 - (5 + 0 + 1) - -12.
7
-22 + 19 - (0 + (0 - -2))
-5
Calculate 5 + -7 + 5 + 1.
4
7 - (4 + (3 - 5))
5
Evaluate 23 + -9 + -11 - (0 - -5).
-2
Calculate (4 + 0 - 2) + -1.
1
Evaluate (4 - 3 - 5 - -3) + 7.
6
What is -14 - ((2 - (16 - 7)) + -1)?
-6
What is 0 - -2 - (8 - 9)?
3
Evaluate (-2 + 0 - 0) + 5.
3
Evaluate (24 - -5 - 9) + -13.
7
What is -63 + 57 - (4 + 2 + -4)?
-8
4 - (2 + 4 + 3)
-5
Evaluate 15 + -5 + 9 + -12.
7
Evaluate -2 - (-1 + -7 + 2).
4
What is the value of 4 + 1 + (-15 + 5 - -3)?
-2
Evaluate (-5 + 8 - 4) + (-3 - -3).
-1
What is (0 - (1 + 3) - -9) + -4?
1
-3 + -1 + 6 + 2
4
Calculate (-2 - -12) + (53 - 62).
1
What is 15 - (28 - (-7 - -20))?
0
0 - 0 - (5 + 1 + -2)
-4
What is 1 + -2 + -11 + 100 + -96?
-8
What is (-1 - (3 + -1) - -5) + -2?
0
Evaluate (12 - 11 - 7) + -2.
-8
4 - -2 - (17 + (-1 - 4))
-6
What is -2 - (9 + -4) - -2 - -5?
0
-6 - -8 - (2 - 0)
0
-1 - (-4 - (0 + -5))
-2
What is the value of (2 - 0) + (-2 - -2)?
2
Calculate -1 - 0 - (1 + (1 - 1)).
-2
What is 0 + -1 + (-1 - -1 - 2)?
-3
What is -2 - (-5 - -12 - 5)?
-4
What is 9 + (-3 - -4) + -7?
3
(1 - (-15 + 9)) + -8
-1
12 + -15 + 7 + -2 + 4
6
What is the value of 4 + (4 - 9) + -3 - -4?
0
What is -1 + 2 + -2 + -2 + -1?
-4
What is the value of 4 - (6 - 5) - 2 - -6?
7
Calculate -4 - 6 - (22 + -28).
-4
Calculate -24 + 26 + (-1 - -3).
4
Calculate -2 + -2 + (3 - 0) + -4.
-5
Evaluate -12 - (5 + (1 - 6) + -6).
-6
-4 + 1 + (0 - -3)
0
What is (10 - 6) + 3 + -3?
4
Calculate (3 - -5 - 12) + 0 + 1.
-3
What is (-66 - -62) + (3 - 0)?
-1
Evaluate (-1 - 6) + -19 + 27 + 5.
6
Calculate (-7 - -1) + 8 - 5.
-3
(1 - 2 - (-12 + 9)) + 3
5
What is the value of -7 + -7 + (5 - -9)?
0
4 - (1 + 1) - -2
4
Calculate (-3 - 5) + (1 - -3).
-4
What is the value of -4 + (-2 - (2 + -10 + 4))?
-2
What is the value of -1 + 8 - (-9 - -19)?
-3
What is -1 - -1 - (-1 + (5 - 7))?
3
5 + (-5 - -4) + (4 - 9)
-1
Calculate -8 - -11 - (3 + (0 - 2)).
2
What is the value of (1 - 5) + 1 - 1?
-4
0 - (-6 - 0 - -3)
3
What is 2 - (6 - (-2 - -4))?
-2
What is (4 + -4 - 1) + (-8 - -6)?
-3
Evaluate -3 - (-6 - (-1 + (2 - 3))).
1
What is 4 - (2 - (1 - -2))?
5
What is 1 + -2 + -49 + 45?
-5
What is -2 + -1 + 1 + (-1 - -7)?
4
38 + -33 - (-1 - -6)
0
What is the value of -1 + (7 - 11) + 5 - -2?
2
-7 - (6 + -4 + -4) - -2
-3
What is 1 - (-4 - 7 - -9)?
3
What is the value of 7 + 0 + -6 + 4?
5
Calculate (4 - 11) + (0 - -2) + 2.
-3
Evaluate 3 + (-1 - -2) + (-5 - 2).
-3
Calculate (5 - 10) + 1 + 0.
-4
Calculate -8 - -2 - (-5 - 0).
-1
Calculate (0 - 2) + -2 + 0.
-4
What is 6 - ((2 - -6) + -11)?
9
Calculate (-5 - -5) + 10 + (-7 - -3).
6
0 + 3 - (0 + 4)
-1
Calculate 11 + 10 - (9 + 3).
9
Calculate (-5 - -1) + (1 - 1).
-4
What is the value of -1 + -3 - (-29 - -30)?
-5
Evaluate -7 - ((-2 - 3) + 4 - 3).
-3
What is the value of 17 + -28 - (-2 - 0)?
-9
Evaluate -16 + 1 - (11 + -27 - -9).
-8
What is the value of -20 + 8 + 10 + 1?
-1
Calculate -6 + (0 + 0 - -4) + -1.
-3
What is the value of 0 - (-2 - (-3 + 6))?
5
What is the value of -2 + 3 + (-3 - -2) + -4?
-4
Evaluate 1 + 5 - (42 + -42).
6
5 + -1 + 4 - 6
2
Evaluate (-10 - -1) 